et b(r) = 556255*r + 1668742. Determine b(-3).
-23
Let m(d) = -3*d**3 + 2660*d**2 + 30554*d - 19747. Determine m(898).
9
Let t(r) = -r**2 + 7606*r + 833178. Determine t(-108).
66
Let x(s) = 509*s - 1040. Calculate x(3).
487
Let i(y) = -1579*y + 85568. Calculate i(54).
302
Let c(n) = -2*n**3 - 582*n**2 - 9812*n + 4362. What is c(-273)?
-6
Let n(u) = 20506*u - 779095. Calculate n(38).
133
Let x(t) = 23*t**2 - 3341*t + 892. What is x(145)?
22
Let d(z) = z**3 - 37*z**2 + 13*z + 259. Determine d(38).
2197
Let f(d) = -21799*d - 3880216. Determine f(-178).
6
Let u(x) = 773*x + 1645. Determine u(-1).
872
Let p(j) = 17*j + 831. Determine p(-50).
-19
Let u(x) = 3*x**2 + 33*x - 585. What is u(-27)?
711
Let d(w) = -2*w**2 + 12163*w - 242420. What is d(20)?
40
Let a(h) = -3594*h - 1081779. Determine a(-301).
15
Let i(h) = -5*h**3 + 9*h**2 + 3*h - 47. Determine i(2).
-45
Let b(n) = -141*n + 23182. Determine b(166).
-224
Let l(a) = 2*a**3 + 43*a**2 - 53*a - 389. Calculate l(-25).
-3439
Let b(p) = -1439*p - 8346. What is b(-7)?
1727
Let h(g) = -2*g**3 + 37*g**2 - 360*g + 6177. Give h(18).
21
Let z(k) = -k**2 + 98*k + 91841. Determine z(-257).
606
Let b(n) = n**2 + 111*n + 1296. Determine b(-97).
-62
Let z(q) = -q**3 + 309*q**2 - 2161*q + 966265. Give z(312).
1
Let l(v) = 136*v - 3270. Give l(25).
130
Let i(x) = 114*x + 11355. Determine i(-100).
-45
Let n(g) = 2*g**2 - 182*g + 2528. Determine n(26).
-852
Let y(n) = 125*n**2 + 3206*n + 7660. Calculate y(-23).
47
Let i(b) = -273476*b - 1367394. Give i(-5).
-14
Let p(j) = 11*j**2 - 350*j - 745. What is p(-2)?
-1
Let h(v) = -15*v**3 - 4004*v**2 + 247*v - 5183. Calculate h(-267).
157
Let j(c) = -212*c - 1103. Give j(-3).
-467
Let u(f) = 6242*f - 237179. Calculate u(38).
17
Let q(o) = -24*o**3 + 29*o**2 + 223*o - 252. Give q(1).
-24
Let w(s) = -s**3 - 5*s**2 - 8*s - 31. Determine w(-5).
9
Let w(m) = -5*m**2 - 833*m - 28109. Determine w(-47).
-3
Let m(l) = -67*l + 3886. Give m(65).
-469
Let j(h) = -785048*h - 53383271. Give j(-68).
-7
Let y(q) = -12*q**2 + 96*q - 163. Calculate y(13).
-943
Let r(k) = -64*k + 4728. Give r(80).
-392
Let o(c) = 6136*c + 607460. Give o(-99).
-4
Let x(a) = -5*a**2 - 2044*a - 115617. Give x(-341).
-18
Let g(o) = o**2 - 34*o - 1268. What is g(53)?
-261
Let d(m) = 52*m**3 + 8995*m**2 - 168*m + 912. Calculate d(-173).
47
Let s(j) = -2186*j - 1766281. Give s(-808).
7
Let j(t) = 29*t**3 + 5*t**2 + 2875*t - 8637. What is j(3)?
816
Let t(w) = 7550*w - 7736. What is t(1)?
-186
Let t(i) = -i**3 + 176*i**2 - 355*i + 1228. Determine t(174).
10
Let h(v) = -19967*v + 2116485. Determine h(106).
-17
Let k(o) = 3318*o - 3165. Calculate k(1).
153
Let s(i) = 143033*i - 2145530. What is s(15)?
-35
Let z(c) = -3*c**2 + 144*c - 1696. Give z(27).
5
Let s(d) = -2850*d + 444527. Give s(156).
-73
Let k(w) = -w**2 + 132*w - 4061. What is k(90)?
-281
Let q(s) = -2*s**2 + 173*s - 1218. Calculate q(26).
1928
Let k(u) = -16*u**2 - 194*u + 887. Calculate k(-16).
-105
Let s(c) = 10*c**2 + 8238*c - 51462. Give s(-830).
-2
Let u(r) = -173*r**2 - 1573*r - 1574. Calculate u(-1).
-174
Let r(l) = 2754*l - 13840. Give r(5).
-70
Let a(f) = -29*f**2 - 168*f + 1016. Determine a(5).
-549
Let y(h) = -118*h**2 - 2495*h + 31. Give y(-22).
-2191
Let j(x) = x**2 - 88*x - 3404. Calculate j(117).
-11
Let i(f) = f**2 + 51*f + 832. Calculate i(-9).
454
Let r(o) = 28*o**2 - 1031*o + 9094. Give r(22).
-36
Let y(l) = 2*l**2 - 868*l + 33823. Give y(43).
197
Let q(y) = 1544*y + 168702. Calculate q(-109).
406
Let l(h) = h**3 + 19*h**2 - 272*h - 20. Give l(-29).
-542
Let p(t) = t**3 - 29*t**2 - 17*t + 253. Calculate p(29).
-240
Let a(b) = b**3 - 87*b**2 - 252*b - 1707. Determine a(90).
-87
Let b(i) = -33*i**3 - 394*i**2 + 28*i + 67. Give b(-12).
19
Let z(q) = -q**3 - 75*q**2 + 3265*q - 2240. Determine z(-106).
-14
Let t(l) = -14*l**2 - 1145*l + 1134. Calculate t(-83).
-277
Let u(w) = 6*w**3 + 67*w**2 + 244*w + 489. Calculate u(-7).
6
Let k(d) = -15034*d - 225405. Calculate k(-15).
105
Let f(l) = 700*l + 441486. Calculate f(-631).
-214
Let w(k) = k**3 - 5*k**2 + 206*k - 1540. Give w(7).
0
Let x(p) = -2*p**3 - 235*p**2 + 125*p - 30. Calculate x(-118).
-856
Let t(y) = y**3 - 137*y**2 - 1949*y - 54. What is t(150)?
96
Let x(y) = 1558*y + 288218. Give x(-185).
-12
Let f(n) = 6736*n - 586817. What is f(87)?
-785
Let b(s) = 8834*s - 16647. Calculate b(2).
1021
Let x(d) = -d**2 - 134*d + 12711. What is x(-195)?
816
Let r(t) = 2*t**3 - 4*t**2 - 95*t + 692. Calculate r(12).
2432
Let o(g) = g**3 + 39*g**2 - 3340*g - 138136. Determine o(-45).
14
Let r(o) = -2*o**2 - 2883*o - 45701. Calculate r(-16).
-85
Let a(q) = -2*q**3 + 104*q**2 - 355*q - 220. What is a(48)?
1172
Let r(y) = 36085*y - 396933. Determine r(11).
2
Let b(p) = -2*p**3 - 157*p**2 + 726*p + 51111. Calculate b(-79).
-2
Let n(c) = 2*c**2 + 3201*c - 32077. Determine n(10).
133
Let a(s) = s**3 - 155*s**2 - 28770*s - 1596. Calculate a(264).
-12
Let m(x) = -4*x**3 + 8*x**2 + 951*x - 4815. Give m(5).
-360
Let o(w) = -2949*w - 14961. Calculate o(-5).
-216
Let o(g) = 254*g - 5492. What is o(21)?
-158
Let f(t) = -3*t**2 + 92590*t + 1389524. Determine f(-15).
-1
Let y(r) = 169154*r + 338114. What is y(-2)?
-194
Let d(b) = -7*b**3 - 554*b**2 + 21*b + 7904. What is d(-79)?
4
Let g(v) = v**2 - 62*v - 44397. What is g(244)?
11
Let j(g) = -36*g - 722. What is j(3)?
-830
Let o(s) = 8196*s + 65323. Calculate o(-8).
-245
Let s(v) = v**3 + 93*v**2 + 7488*v + 664846. Give s(-91).
0
Let l(m) = 214*m - 43406. Give l(207).
892
Let d(z) = -2*z**3 + 2*z**2 + 82*z + 151. Calculate d(-4).
-17
Let h(z) = 28*z**3 - 228*z**2 + 195*z + 205. What is h(7)?
2
Let x(i) = -i**2 - 36764*i - 698163. Give x(-19).
-8
Let x(o) = -2715*o**2 + 179*o - 178. Calculate x(1).
-2714
Let b(s) = -55*s**2 - 271*s + 782. Determine b(-7).
-16
Let p(k) = 724*k + 2640. Calculate p(-4).
-256
Let z(r) = r**3 - 124*r**2 - 814*r - 185. Determine z(-6).
19
Let n(h) = h**3 + 16*h**2 + 18*h + 192. What is n(-16)?
-96
Let u(j) = -2*j**3 + 353*j**2 + 243*j - 11176. Calculate u(177).
506
Let l(c) = 672*c - 2671. What is l(4)?
17
Let y(j) = -j**3 + 173*j**2 + 879*j + 1967. Give y(178).
9
Let b(j) = -48*j**2 - 6390*j - 688. Calculate b(-133).
110
Let u(k) = 127*k - 2424. Give u(18).
-138
Let c(p) = 695465*p - 9. Determine c(0).
-9
Let f(c) = -6*c**3 + 293*c**2 - 1734*c - 4. Give f(7).
157
Let x(z) = z**3 + 29*z**2 - 868*z + 420. Calculate x(18).
24
Let x(u) = 45286*u + 271706. Determine x(-6).
-10
Let v(b) = -498723*b - 5485952. Give v(-11).
1
Let p(l) = 3*l**2 - 184*l + 1017. Determine p(6).
21
Let o(z) = 3*z**2 + 1063*z - 390250. Calculate o(-579).
-4
Let z(f) = 152*f**2 - 4105*f + 19. What is z(27)?
-8
Let n(r) = -20*r**2 + 1261*r - 58. Determine n(63).
5
Let f(d) = -52488*d + 524914. What is f(10)?
34
Let y(d) = 100397*d - 301017. Calculate y(3).
174
Let d(x) = x**3 + 16*x**2 - 17*x + 7. Calculate d(-15).
487
Let d(s) = 595*s - 21366. Give d(36).
54
Let w(z) = -2767*z + 8049. What is w(3)?
-252
Let x(j) = 19*j**2 - 41*j + 4. Calculate x(1).
-18
Let t(l) = 389461*l - 21030884. Give t(54).
10
Let s(d) = -d**3 - 292*d**2 + 1479*d + 11. Give s(5).
-19
Let u(s) = -3*s**3 - 51*s**2 - 33*s - 554. Determine u(-17).
7
Let l(v) = -9*v**2 + 160*v + 301. What is l(-2)?
-55
Let h(x) = -18*x**2 + 971*x - 2911. Calculate h(3).
-160
Let c(s) = 51014*s - 561173. Determine c(11).
-19
Let y(z) = 221860*z + 2884178. Calculate y(-13).
-2
Let q(z) = 15*z**2 + 95*z - 71. What is q(-12)?
949
Let o(b) = 1132*b - 79270. Give o(70).
-30
Let u(x) = 316*x + 109728. Give u(-347).
76
Let u(l) = 580*l + 2716. Give u(-4).
396
Let i(a) = -67*a**2 + 31*a + 128. Calculate i(-6).
-2470
Let p(c) = 1232*c - 1285. Give p(4).
3643
Let v(b) = -1059*b - 70966. Determine v(-67).
-13
Let a(c) = c**3 + 12*c**2 - 755*c - 242. Determine a(-34).
-4
Let d(i) = 3*i**3 - 49*i**2 - 32*i + 31. Calculate d(17).
65
Let c(b) = 584*b - 475300. Determine c(814).
76
Let v(y) = -y**2 + 49*y - 4. Determine v(12).
440
Let h(b) = b**3 - 16*b**2 + 95*b - 1834. What is h(17)?
70
Let j(l) = -l**3 + 25*l**2 + 483*l - 48. What is j(38)?
-466
Let f(y) = -1803*y - 90320. Determine f(-48).
-3776
Let r(d) = 3*d**2 + 867*d - 17557. Give r(19).
-1
Let n(u) = -66*u - 4698. What is n(-83)?
780
Let t(k) = 1869*k + 6908. What is t(